73142976 a multiple of 204?
True
Does 797 divide 483801316?
True
Does 1327 divide 182986665?
True
Does 2321 divide 680589151?
True
Is 4129 a factor of 1313589465?
False
Is 694 a factor of 283286636?
True
Is 46880765 a multiple of 33?
False
Does 10 divide 474627?
False
Does 167 divide 11943264?
False
Is 79 a factor of 5789999539?
False
Does 878 divide 17005414?
False
Is 28898749 a multiple of 2?
False
Is 32600782 a multiple of 28?
False
Is 6 a factor of 52971105?
False
Is 16936409 a multiple of 7?
True
Is 26187835 a multiple of 116?
False
Is 7913444 a multiple of 7?
True
Is 285951775 a multiple of 6?
False
Is 58590422 a multiple of 649?
True
Is 109913021 a multiple of 23?
True
Does 69 divide 1280814278?
False
Is 8188692 a multiple of 74?
True
Is 469876619 a multiple of 88?
False
Does 259 divide 80721235?
True
Is 1200 a factor of 304709863?
False
Is 75 a factor of 497974118?
False
Is 59191209 a multiple of 1491?
True
Is 10248308 a multiple of 571?
True
Does 294 divide 25463340?
True
Is 15262641 a multiple of 27?
True
Does 16 divide 35128769?
False
Is 5794459 a multiple of 96?
False
Does 19 divide 724032753?
True
Does 11 divide 7119831?
False
Is 13201966 a multiple of 358?
True
Is 172 a factor of 114447423?
False
Is 1415382793 a multiple of 13?
False
Does 525 divide 1801796325?
True
Is 181780068 a multiple of 18?
False
Does 19 divide 25546146?
True
Does 20 divide 401486536?
False
Is 16655429 a multiple of 929?
False
Is 769100131 a multiple of 6?
False
Is 34056485 a multiple of 329?
False
Is 10 a factor of 12478664?
False
Is 2715184 a multiple of 201?
False
Is 14 a factor of 9165225?
False
Is 1090633585 a multiple of 295?
True
Is 264 a factor of 42564720?
True
Does 108 divide 33817494?
False
Does 9 divide 420941429?
False
Is 15 a factor of 317235735?
True
Does 91 divide 307163576?
False
Is 287 a factor of 2601081?
True
Is 8213369 a multiple of 467?
False
Is 314070 a multiple of 87?
True
Is 43458725 a multiple of 216?
False
Is 16 a factor of 27960621?
False
Is 784368 a multiple of 2?
True
Does 76 divide 3154041344?
True
Is 33 a factor of 330665775?
True
Is 13123907 a multiple of 327?
False
Is 14 a factor of 37901239?
False
Is 3 a factor of 14020703?
False
Does 26 divide 32381705?
False
Is 245845500 a multiple of 340?
True
Is 51 a factor of 91224006?
True
Does 1452 divide 17142312?
True
Does 470 divide 70596820?
True
Is 519 a factor of 13434834?
True
Does 86 divide 23072166?
True
Is 17 a factor of 128275474?
False
Is 800083936 a multiple of 388?
True
Is 272633760 a multiple of 6660?
True
Does 177 divide 77472124?
False
Does 1297 divide 101012404?
False
Is 549 a factor of 78265440?
True
Is 26 a factor of 27133002?
True
Is 985922413 a multiple of 57?
False
Is 54 a factor of 27088128?
True
Is 147724128 a multiple of 296?
True
Does 2190 divide 10902020?
False
Is 47087501 a multiple of 3?
False
Is 105 a factor of 834321?
False
Does 6 divide 466445560?
False
Is 149954559 a multiple of 125?
False
Is 34 a factor of 41575948?
True
Is 31 a factor of 1749958712?
False
Is 929 a factor of 1047683437?
False
Is 160 a factor of 125853120?
True
Does 65 divide 2263245358?
False
Is 64363545 a multiple of 1035?
True
Is 298300930 a multiple of 240?
False
Is 10 a factor of 2496573640?
True
Is 1759 a factor of 1245001448?
False
Does 7027 divide 731004756?
True
Is 11 a factor of 32367956?
False
Does 43 divide 32290982?
False
Is 42 a factor of 3488361?
False
Is 238 a factor of 17670786?
True
Does 203 divide 146205534?
False
Is 2 a factor of 820735861?
False
Is 122196366 a multiple of 18?
True
Is 1537 a factor of 650081835?
True
Is 40 a factor of 299559880?
True
Is 1697546625 a multiple of 72?
False
Does 62 divide 27741962?
True
Is 3 a factor of 161955784?
False
Is 736880376 a multiple of 1097?
False
Does 851 divide 1394936223?
True
Is 32 a factor of 421292521?
False
Does 835 divide 84725297?
False
Is 355571699 a multiple of 13?
False
Is 69 a factor of 21589410?
True
Does 7 divide 74717324?
False
Is 587076139 a multiple of 13?
True
Is 1464 a factor of 1582278281?
False
Is 73934919 a multiple of 3?
True
Is 676 a factor of 7634884608?
True
Is 180567200 a multiple of 3550?
True
Is 6924 a factor of 1399250388?
True
Is 8998 a factor of 215366431?
False
Is 119173818 a multiple of 3959?
True
Is 3356 a factor of 461909772?
True
Does 512 divide 6366706?
False
Does 3265 divide 25058140?
False
Is 2059 a factor of 742001427?
False
Does 63 divide 1224717272?
False
Does 1060 divide 96332800?
True
Is 850 a factor of 101932000?
True
Is 18996760 even?
True
Is 27 a factor of 1233003062?
False
Is 250710 a multiple of 14?
False
Is 968231600 a multiple of 400?
True
Does 245 divide 4555285?
True
Is 72 a factor of 202353?
False
Is 25 a factor of 79025988?
False
Does 6 divide 6711416?
False
Does 16 divide 114288626?
False
Does 697 divide 80409405?
True
Does 10 divide 3692110254?
False
Is 4881751 a multiple of 78?
False
Is 5 a factor of 245258790?
True
Is 239 a factor of 1111912967?
False
Does 631 divide 26708030?
False
Does 17 divide 224766367?
True
Is 96093868 a multiple of 38?
True
Is 81944250 a multiple of 3?
True
Is 84445470 a multiple of 395?
True
Is 559 a factor of 709910645?
False
Is 3826 a factor of 3154831602?
True
Does 159 divide 1536391878?
True
Is 133317888 a multiple of 256?
True
Does 425 divide 309446750?
True
Does 94 divide 937975841?
False
Does 4309 divide 2158310077?
False
Is 849194688 a multiple of 48?
True
Does 577 divide 1524862916?
False
Is 871308758 a multiple of 27?
False
Does 112 divide 2104107936?
True
Is 19238355 a multiple of 25?
False
Is 2443 a factor of 2735126611?
True
Does 6 divide 979530408?
True
Does 61 divide 12051245?
False
Is 33 a factor of 175659407?
False
Is 787 a factor of 100554990?
True
Is 75 a factor of 4643757?
False
Does 48 divide 4446784376?
False
Is 37 a factor of 97406155?
False
Does 30 divide 1981846?
False
Is 24405836 a multiple of 289?
False
Is 39 a factor of 69921462?
True
Is 44082885 a multiple of 385?
True
Is 2278 a factor of 82713390?
False
Is 195553500 a multiple of 2314?
False
Is 212161372 a multiple of 85?
False
Is 88196625 a multiple of 211?
False
Is 25 a factor of 4083856425?
True
Does 47 divide 10444998?
True
Is 82956544 a multiple of 23?
False
Does 840 divide 760468711?
False
Does 7656 divide 1737573866?
False
Does 7364 divide 896914895?
False
Is 13453597 a multiple of 314?
False
Is 2180189504 a multiple of 46?
True
Does 4326 divide 2092404006?
True
Does 5 divide 3614205?
True
Is 431054129 a multiple of 3181?
True
Is 2477340180 a multiple of 35?
True
Does 5 divide 12426584?
False
Is 19333590 a multiple of 835?
True
Is 3013442611 a multiple of 197?
True
Does 14 divide 2859819436?
False
Is 26474925 a multiple of 1245?
True
Does 16 divide 150906640?
True
Does 35 divide 3191847715?
True
Does 13 divide 119025908?
False
Is 15 a factor of 2711031735?
True
Is 133878748 a multiple of 282?
False
Does 575 divide 31098528?
False
Does 3207 divide 59190887?
False
Is 1522526632 a multiple of 11?
True
Is 93451736 a multiple of 56?
True
Does 350 divide 53406723?
False
Does 40 divide 2837470320?
True
Is 167166593 a multiple of 37?
False
Is 808233360 a multiple of 264?
True
Is 1967136503 a multiple of 8036?
False
Does 290 divide 4246313?
False
Is 22933082 a multiple of 39?
False
Does 19 divide 113541815?
True
Does 26 divide 505507340?
True
Does 16 divide 59382608?
True
Is 64639092 a multiple of 7?
True
Is 35434581 a multiple of 403?
True
Is 422281669 a multiple of 1730?
False
Is 4163 a factor of 170849520?
True
Is 13 a factor of 149301384?
False
Is 5333218 a multiple of 1118?
False
Is 717948299 a multiple of 101?
True
Is 16226052 a multiple of 26?
False
Is 3705186035 a multiple of 115?
True
Does 13 divide 811954?
True
Does 65 divide 53898715?
True
Does 1036 divide 50507072?
True
Does 1465 divide 23520575?
True
Is 673 a factor of 145681804?
False
Does 21 divide 2887035711?
True
Does 6 divide 3424070?
False
Is 67958640 a multiple of 952?
False
Is 346814276 a multiple of 2036?
True
Does 35 divide 43403675?
True
Is 127082609 a multiple of 29?
False
Is 390993865 a multiple of 43?
False
Is 366 a factor of 86899470?
False
Is 5 a factor of 24493626?
False
Is 307621480 a multiple of 76?
False
Is 52 a factor of 5655014?
False
Is 27474151 a multiple of 36?
False
